reatest common divisor of b and n?
11
Let g(v) = 35*v**2 - v + 1. Let l be -2*3/4*(-8)/12. Let a be g(l). Calculate the greatest common divisor of 280 and a.
35
Suppose 5*g - 73 = -4*k, 16*g - 19*g = -3. What is the highest common factor of 1343 and k?
17
Let n be -6*2/(-3)*(-171)/(-36). Let k = -78 - -230. Calculate the greatest common factor of n and k.
19
Let n(q) = 59*q**2 - q + 14. Let t be n(4). Calculate the highest common divisor of t and 36.
18
Suppose -3*i = 3*i - 144. Let y be (7 + 5)*2/6. Suppose 4*q - 31 = 2*q + 5*u, 35 = y*q - u. Calculate the greatest common factor of i and q.
8
Suppose 81*k + 4750 = 91*k. What is the greatest common factor of k and 100?
25
Let i(u) = 18*u**2 + u + 1. Let r be i(2). Let o be 16/6*r/10. Suppose 3*z = z + y + 8, 5*z = 3*y + 19. What is the highest common divisor of o and z?
5
Let v = 14 + -9. Let s(r) = -r**2 + 6*r - 2. Let j be s(v). Suppose j*c = 65 - 11. What is the greatest common divisor of c and 45?
9
Suppose 0 = -7*x + 22 + 6. What is the greatest common divisor of x and 12?
4
Suppose -u = 6*t - 2*t + 21, 4*t + 4*u + 36 = 0. Let x be 4 - 0 - (-2 - -1 - t). What is the greatest common divisor of x and 1?
1
Let v(o) = o**3 + 4*o**2 - 2*o - 2. Let b(m) = -4*m - 1. Let n be b(2). Let l = n - -5. Let a be v(l). Calculate the greatest common factor of a and 18.
6
Suppose -4155 - 595 = -25*a. Calculate the greatest common divisor of 6 and a.
2
Let i(l) = l + 10. Let z be i(-15). Let t be (z + 2)/(5/(-30)). What is the highest common factor of 63 and t?
9
Let k(y) = 17*y - 25. Let r be k(5). Suppose 4*f = -l + 2*f + r, 4*l = -f + 240. Calculate the highest common factor of l and 24.
12
Let o(l) = 224*l**3. Let j = 2 + -1. Let a be o(j). What is the greatest common divisor of 32 and a?
32
Let k = 18 + -18. Suppose -3*b + 97 = 2*l - 55, -b = k. Calculate the greatest common factor of 190 and l.
38
Let r = 126 + -104. Calculate the highest common divisor of 418 and r.
22
Suppose 19*n - 4*n - 2310 = 0. What is the greatest common divisor of n and 42?
14
Suppose -h - 11 + 10 = 0, s - 1591 = h. What is the greatest common divisor of s and 15?
15
Let d(h) = -h**3 - 9*h**2 - 6*h - 7. Let i be d(-8). Let q = i - -24. Suppose 5*z - q = 3*j + 3, z - 4 = -j. Calculate the highest common factor of 2 and j.
2
Let d be ((-14)/3)/(-1 + (-8)/(-12)). Suppose -5*b + 5*c + 151 = 36, b - 25 = 2*c. What is the greatest common factor of d and b?
7
Let m(n) = -n + n**3 + 4*n - 6*n**2 + 2*n + 3. Let l be m(6). What is the greatest common factor of 11 and l?
11
Let y(i) = -30*i - 12. Let f be y(-1). Let a be 2/((-2)/3)*-9. Calculate the greatest common divisor of a and f.
9
Let p(c) = c**3 - 20*c**2 - 20*c + 33. Let g be p(21). Calculate the greatest common divisor of g and 90.
18
Let z(a) = -4*a**3 - 2*a**2 + a + 5. Let p be z(-4). Suppose 29*j = 24*j + p. What is the highest common divisor of j and 5?
5
Let v be (-3)/(((-9)/4)/3). Suppose 0*a - v = -2*a. Let b(h) = 4*h + 4. Let k be b(1). Calculate the greatest common divisor of a and k.
2
Let o(x) = -x**3 + 7*x**2 + x + 5. Let k be o(7). Suppose 20*h - 17*h + m - 468 = 0, -5*h = 3*m - 780. What is the highest common divisor of k and h?
12
Let h be 162/12 + 2/(-4). Let d = h + -10. Suppose -d*v - 25 = -8*v. Calculate the greatest common divisor of v and 5.
5
Let t be (3 - -8)*-30 - -2. Let m be (-3)/2*t/(-6). Let a be 1 + 1 + m/(-1). What is the greatest common divisor of 12 and a?
12
Let q(n) = 6*n**3 + 7*n**2 - 52*n + 86. Let v be q(2). Let m(l) = -7*l + 5. Let p be m(4). Let c = 122 - p. What is the highest common factor of c and v?
29
Let c(k) = -18*k - 112. Let i be c(-8). Let a be (-1)/((-2)/(-6)) - -51. Calculate the highest common divisor of i and a.
16
Let b(r) be the third derivative of r**5/60 + 13*r**3/6 + r**2. Let l be b(0). Suppose -14*s = -l*s - 8. What is the highest common factor of s and 12?
4
Let m = -227 - -695. Calculate the highest common divisor of 72 and m.
36
Let v(f) be the third derivative of f**5/60 + f**4/8 + f**3 + 3*f**2. Let m be v(-4). Let c be (-3)/(1*(-1)/m). What is the greatest common factor of c and 20?
10
Let t = -1 - -3. Suppose 2*n = -t*n + 44. Let i be (-18)/(-8) + (-245)/196. Calculate the greatest common factor of i and n.
1
Let k = 146 - 144. Suppose -5*h + 2*h + 54 = k*f, 3*f = 2*h + 94. What is the greatest common factor of 75 and f?
15
Let o be 180/(-16) - (-6)/(-8). Let x be (-6)/o + (-6)/(-4)*13. Calculate the greatest common factor of x and 80.
20
Suppose 5*k + 5*j - 520 = 0, 2*k + k = 5*j + 312. Calculate the highest common divisor of 8 and k.
8
Let g(n) be the first derivative of -3*n**2/2 - 16*n + 3. Let b be g(-11). What is the greatest common divisor of b and 119?
17
Let i = 91 + -65. Suppose i*o - 7 = 25*o. Calculate the greatest common divisor of 7 and o.
7
Let w(y) = -11*y**3 - 3*y**2 - y. Let o be w(-1). Suppose 2*i = -2*i + 108. Calculate the highest common divisor of o and i.
9
Suppose -3*b + 2*y + 2727 = 0, 123*b + 4*y + 3636 = 127*b. What is the greatest common divisor of 18 and b?
9
Let q(f) = 6*f - 15. Let p be q(7). Let x be (-12)/(-3) + -5 + p. What is the greatest common factor of x and 65?
13
Let v(a) = -69*a - 27. Let h be v(-9). Suppose -2*c + h = c. What is the greatest common divisor of 18 and c?
18
Let i(j) = 7*j**2 - 9*j + 20. Let s be i(4). Calculate the highest common divisor of 6 and s.
6
Suppose 0 - 2 = -2*c. Suppose 3*m + 4*l = -l + 37, -5*m + 3*l + 5 = 0. Let z be m + 2 + 3/1 + -6. What is the highest common factor of z and c?
1
Suppose -3*t = -3*n - 238 - 41, -3*t + 243 = 6*n. Calculate the highest common factor of t and 89.
89
Let i be 4/(-14) - (-484)/77. Suppose i*d - 9 = 3*d. Suppose -d*g + 5*h - 7 = 0, 5*h - 29 = -4*g + 20. What is the highest common factor of 42 and g?
6
Let g(h) = -30*h. Let l be g(-1). Let m = 74 + -62. Calculate the greatest common divisor of l and m.
6
Let h(i) = -i**3 - 6*i**2 + 22*i - 11. Let r be h(-10). Suppose 5*p = -3*f + 2*f + 823, -p + r = -2*f. Calculate the greatest common factor of 15 and p.
15
Suppose -6 = -8*y + 74. Calculate the greatest common factor of y and 30.
10
Suppose -4*w - 2*d = -46, 2*w - 10 = d + 3. Calculate the greatest common factor of 57 and w.
3
Suppose 4*o - 35 = 113. Suppose -o = -4*h + 3. What is the greatest common divisor of h and 40?
10
Let v be 46*1 + (-61 - -69). Suppose 4*i + 0*g + 4*g = 32, -i = -3*g. What is the highest common factor of v and i?
6
Suppose -2*r = 3*r - 4*h - 118, 0 = -h + 3. Let c = 62 - 51. Suppose c*m = 590 + 554. Calculate the highest common divisor of m and r.
26
Suppose 292 = -12*x + 1672. What is the highest common divisor of 23 and x?
23
Let d(h) = -2*h. Suppose 4*r + r = -5. Let v be d(r). Suppose -4*k = 2*s - 36, -5*s - v*k = -82 + 24. Calculate the greatest common divisor of 80 and s.
10
Let p = 378 - 263. Let m = 148 - p. What is the greatest common factor of m and 44?
11
Let v = 1300 - 1228. Calculate the highest common factor of v and 48.
24
Let k(i) = -i - 1. Let o(t) = -18*t + 15. Let x(l) = -4*k(l) - o(l). Suppose q = 5*q - 28. Let g be x(q). Calculate the highest common divisor of 13 and g.
13
Suppose 0 = -122*c + 1326 + 1114. What is the greatest common divisor of c and 1180?
20
Let z be (16/3)/((-10)/(-15)). Suppose 0 = 3*o - z - 7. Suppose o*u - 25 = -0*u. What is the greatest common factor of 20 and u?
5
Let z be 8/5 + (-8282)/(-505). Suppose -x - x + 12 = 0. What is the greatest common divisor of x and z?
6
Let c(o) be the third derivative of 47*o**6/120 + o**5/60 + o**4/24 - o**3/6 - 28*o**2. Let l be c(1). What is the highest common divisor of l and 64?
16
Suppose -2*h = -4*h + 342. Suppose 4*s - t + 5*t - 140 = 0, 4*s + t - 140 = 0. Suppose 4*u = s + 41. Calculate the greatest common divisor of h and u.
19
Suppose 0*l - 15 = -l. Let a(g) = g**3 - 7*g**2 + 4*g + 10. Let i be a(5). Let d be (3 + 87/(-4))/(5/i). What is the greatest common divisor of l and d?
15
Let a(x) = x**3 + 15*x**2 - 3*x + 12. Let f be a(-15). Suppose 0 = 56*c - f*c + 121. Calculate the highest common divisor of c and 11.
11
Suppose -3*g - 1584 = -3*u - 0*g, 1580 = 3*u - 5*g. Calculate the greatest common factor of u and 10.
10
Let l(y) = 18*y - 2. Let k be l(5). Suppose -6 = -r - z, 2*z + 11 = 4*r - 25. Cal